{"id":5329,"date":"2022-05-13T10:38:23","date_gmt":"2022-05-13T10:38:23","guid":{"rendered":"https:\/\/www.citcem.org\/xencontro\/?page_id=5329"},"modified":"2022-05-20T15:36:54","modified_gmt":"2022-05-20T15:36:54","slug":"saida-de-campo","status":"publish","type":"page","link":"https:\/\/www.citcem.org\/xencontro\/saida-de-campo\/","title":{"rendered":"Sa\u00edda de campo"},"content":{"rendered":"<p style=\"text-align: center;\"><strong>Sa\u00edda de campo ao rio Neiva com a \u00ab<a href=\"https:\/\/rioneiva.com\/\" target=\"_blank\" rel=\"noopener\">Rio Neiva &#8211; Associa\u00e7\u00e3o Defesa do Ambiente<\/a>\u00bb no dia 19 de Novembro.<\/strong><\/p>\n<p style=\"text-align: center;\"><em>(Mais informa\u00e7\u00f5es em breve)<\/em><\/p>\n<div class=\"gdlr-shortcode-wrapper\"><div class=\"clear\"><\/div><div class=\"gdlr-item gdlr-divider-item\"  ><div class=\"gdlr-divider solid\"  style=\"width: 100%;\" ><\/div><\/div><\/div>\n<div id=\"attachment_5582\" style=\"width: 1930px\" class=\"wp-caption aligncenter\"><img aria-describedby=\"caption-attachment-5582\" loading=\"lazy\" class=\"wp-image-5582 size-full\" src=\"https:\/\/www.citcem.org\/xencontro\/wp-content\/uploads\/2022\/05\/ClaraRoberti_1.jpg\" alt=\"ClaraRoberti_1\" width=\"1920\" height=\"970\" srcset=\"https:\/\/www.citcem.org\/xencontro\/wp-content\/uploads\/2022\/05\/ClaraRoberti_1.jpg 1920w, https:\/\/www.citcem.org\/xencontro\/wp-content\/uploads\/2022\/05\/ClaraRoberti_1-300x152.jpg 300w, https:\/\/www.citcem.org\/xencontro\/wp-content\/uploads\/2022\/05\/ClaraRoberti_1-1024x517.jpg 1024w, https:\/\/www.citcem.org\/xencontro\/wp-content\/uploads\/2022\/05\/ClaraRoberti_1-768x388.jpg 768w, https:\/\/www.citcem.org\/xencontro\/wp-content\/uploads\/2022\/05\/ClaraRoberti_1-1536x776.jpg 1536w\" sizes=\"(max-width: 1920px) 100vw, 1920px\" \/><p id=\"caption-attachment-5582\" class=\"wp-caption-text\">\u00a9 Clara Roberti<\/p><\/div>\n<p>&nbsp;<\/p>\n<p>A \u00abRio Neiva \u2013 Associa\u00e7\u00e3o de Defesa do Ambiente\u00bb, fundada em 1989, sediada em Esposende, \u00e9 uma associa\u00e7\u00e3o sem fins lucrativos, que tem como objetivo defender e valorizar o ambiente e promover o desenvolvimento sustent\u00e1vel, atrav\u00e9s de dois eixos transversais: Educa\u00e7\u00e3o Ambiental e Sustentabilidade e Desporto de Natureza. Trabalha na proximidade com a Comunidade Local, tendo sempre como motes o voluntariado, a participa\u00e7\u00e3o ativa e a inclus\u00e3o social.<\/p>\n","protected":false},"excerpt":{"rendered":"<p>Sa\u00edda de campo ao rio Neiva com a \u00abRio Neiva &#8211; Associa\u00e7\u00e3o Defesa do Ambiente\u00bb no dia 19 de Novembro. (Mais informa\u00e7\u00f5es em breve) &nbsp; A \u00abRio Neiva \u2013 Associa\u00e7\u00e3o de Defesa do Ambiente\u00bb, fundada em 1989, sediada em Esposende, \u00e9 uma associa\u00e7\u00e3o sem fins lucrativos, que tem como objetivo defender e valorizar o ambiente&#8230; <\/p>\n<div class=\"clear\"><\/div>\n<p><a href=\"https:\/\/www.citcem.org\/xencontro\/saida-de-campo\/\" class=\"gdlr-info-font excerpt-read-more\">Read More<\/a><\/p>\n","protected":false},"author":1,"featured_media":5549,"parent":0,"menu_order":0,"comment_status":"closed","ping_status":"closed","template":"","meta":[],"_links":{"self":[{"href":"https:\/\/www.citcem.org\/xencontro\/wp-json\/wp\/v2\/pages\/5329"}],"collection":[{"href":"https:\/\/www.citcem.org\/xencontro\/wp-json\/wp\/v2\/pages"}],"about":[{"href":"https:\/\/www.citcem.org\/xencontro\/wp-json\/wp\/v2\/types\/page"}],"author":[{"embeddable":true,"href":"https:\/\/www.citcem.org\/xencontro\/wp-json\/wp\/v2\/users\/1"}],"replies":[{"embeddable":true,"href":"https:\/\/www.citcem.org\/xencontro\/wp-json\/wp\/v2\/comments?post=5329"}],"version-history":[{"count":10,"href":"https:\/\/www.citcem.org\/xencontro\/wp-json\/wp\/v2\/pages\/5329\/revisions"}],"predecessor-version":[{"id":5598,"href":"https:\/\/www.citcem.org\/xencontro\/wp-json\/wp\/v2\/pages\/5329\/revisions\/5598"}],"wp:featuredmedia":[{"embeddable":true,"href":"https:\/\/www.citcem.org\/xencontro\/wp-json\/wp\/v2\/media\/5549"}],"wp:attachment":[{"href":"https:\/\/www.citcem.org\/xencontro\/wp-json\/wp\/v2\/media?parent=5329"}],"curies":[{"name":"wp","href":"https:\/\/api.w.org\/{rel}","templated":true}]}}

Saída de campo

<p style="text-align: center;"><strong>Saída de campo ao rio Neiva com a «<a href="https://rioneiva.com/" target="_blank" rel="noopener">Rio Neiva &#8211; Associação Defesa do Ambiente</a>» no dia 19 de Novembro.</strong></p>
<p style="text-align: center;"><em>(Mais informações em breve)</em></p>
<div class="gdlr-shortcode-wrapper"><div class="clear"></div><div class="gdlr-item gdlr-divider-item"  ><div class="gdlr-divider solid"  style="width: 100%;" ></div></div></div>
<div id="attachment_5582" style="width: 1930px" class="wp-caption aligncenter"><img aria-describedby="caption-attachment-5582" loading="lazy" class="wp-image-5582 size-full" src="https://www.citcem.org/xencontro/wp-content/uploads/2022/05/ClaraRoberti_1.jpg" alt="ClaraRoberti_1" width="1920" height="970" srcset="https://www.citcem.org/xencontro/wp-content/uploads/2022/05/ClaraRoberti_1.jpg 1920w, https://www.citcem.org/xencontro/wp-content/uploads/2022/05/ClaraRoberti_1-300x152.jpg 300w, https://www.citcem.org/xencontro/wp-content/uploads/2022/05/ClaraRoberti_1-1024x517.jpg 1024w, https://www.citcem.org/xencontro/wp-content/uploads/2022/05/ClaraRoberti_1-768x388.jpg 768w, https://www.citcem.org/xencontro/wp-content/uploads/2022/05/ClaraRoberti_1-1536x776.jpg 1536w" sizes="(max-width: 1920px) 100vw, 1920px" /><p id="caption-attachment-5582" class="wp-caption-text">© Clara Roberti</p></div>
<p>&nbsp;</p>
<p>A «Rio Neiva – Associação de Defesa do Ambiente», fundada em 1989, sediada em Esposende, é uma associação sem fins lucrativos, que tem como objetivo defender e valorizar o ambiente e promover o desenvolvimento sustentável, através de dois eixos transversais: Educação Ambiental e Sustentabilidade e Desporto de Natureza. Trabalha na proximidade com a Comunidade Local, tendo sempre como motes o voluntariado, a participação ativa e a inclusão social.</p>

<p>Saída de campo ao rio Neiva com a «Rio Neiva &#8211; Associação Defesa do Ambiente» no dia 19 de Novembro. (Mais informações em breve) &nbsp; A «Rio Neiva – Associação de Defesa do Ambiente», fundada em 1989, sediada em Esposende, é uma associação sem fins lucrativos, que tem como objetivo defender e valorizar o ambiente&#8230; </p>
<div class="clear"></div>
<p><a href="https://www.citcem.org/xencontro/saida-de-campo/" class="gdlr-info-font excerpt-read-more">Read More</a></p>
