{"id":4263,"date":"2016-05-23T09:49:07","date_gmt":"2016-05-23T09:49:07","guid":{"rendered":"http:\/\/localhost:8888\/20160609\/?page_id=4263"},"modified":"2022-07-26T12:56:47","modified_gmt":"2022-07-26T12:56:47","slug":"oradores","status":"publish","type":"page","link":"https:\/\/www.citcem.org\/xencontro\/oradores\/","title":{"rendered":"Oradores"},"content":{"rendered":"<h2>Andr\u00e9 Tavares<\/h2>\n<h6>Faculdade de Arquitetura, Universidade do Porto, Porto, Portugal<\/h6>\n<div class=\"gdlr-shortcode-wrapper gdlr-row-shortcode\">\r\n<div class=\"one-fifth column\"><div class=\"gdlr-item gdlr-column-shortcode\"><p><img loading=\"lazy\" class=\"alignnone wp-image-5622 size-medium\" src=\"https:\/\/www.citcem.org\/xencontro\/wp-content\/uploads\/2022\/06\/Andre-Tavares_-300x300.jpg\" alt=\"Andre-Tavares\" width=\"300\" height=\"300\" srcset=\"https:\/\/www.citcem.org\/xencontro\/wp-content\/uploads\/2022\/06\/Andre-Tavares_-300x300.jpg 300w, https:\/\/www.citcem.org\/xencontro\/wp-content\/uploads\/2022\/06\/Andre-Tavares_-150x150.jpg 150w, https:\/\/www.citcem.org\/xencontro\/wp-content\/uploads\/2022\/06\/Andre-Tavares_-400x400.jpg 400w, https:\/\/www.citcem.org\/xencontro\/wp-content\/uploads\/2022\/06\/Andre-Tavares_.jpg 500w\" sizes=\"(max-width: 300px) 100vw, 300px\" \/><\/p>\n<\/div><\/div>\r\n<div class=\"four-fifth columns\"><div class=\"gdlr-item gdlr-column-shortcode\"><p>Andre\u0301 Tavares (Porto, 1976) e\u0301 arquitecto e doutorado pela Faculdade de Arquitectura da Universidade do Porto. Desde 2006 e coordenador da Dafne Editora, uma editora independente no Porto. Com Diogo Seixas Lopes foi director do Jornal Arquitectos entre 2013 e 2015 e curador-geral da Trienal de Arquitectura de Lisboa 2016, The Form of Form. Entre as suas obras publicadas destaca-se o livro The Anatomy of the Architecutral Book (Lars Mu\u0308ller\/Canadian Centre for Architecture, 2016), que explora as relac\u0327o\u0303es cruzadas entre as culturas do livro e da construc\u0327a\u0303o. Foi investigador associado no Institute for the History and Theory of Architecture da ETH de Zurique, onde escreveu o seu u\u0301ltimo livro Vitruvius Without Text (gta Verlag, 2022). Actualmente, e\u0301 investigador na Faculdade de Arquitectura da Universidade do Porto, professor convidado na EAVT Marne-la-Valle\u0301e Universite\u0301 Paris-Est, em Paris, e programador das exposic\u0327o\u0303es de arquitectura na Garagem Sul do Centro Cultural de Bele\u0301m, em Lisboa.<\/p>\n<\/div><\/div>\r\n<div class=\"clear\"><\/div><\/div>\n<div class=\"gdlr-shortcode-wrapper\"><div class=\"clear\"><\/div><div class=\"gdlr-item gdlr-divider-item\"  ><div class=\"gdlr-divider solid\"  style=\"width: 100%;\" ><\/div><\/div><\/div>\n<h2>Filipa Ribeiro da Silva<\/h2>\n<h6>Instituto Internacional de Hist\u00f3ria Social (IISH\/IISG) da Academia Real das Ci\u00eancias da Holanda (KNAW), Haia, Pa\u00edses Baixos<\/h6>\n<div class=\"gdlr-shortcode-wrapper gdlr-row-shortcode\">\r\n<div class=\"one-fifth column\"><div class=\"gdlr-item gdlr-column-shortcode\"><p><img loading=\"lazy\" class=\"alignnone wp-image-5624 size-medium\" src=\"https:\/\/www.citcem.org\/xencontro\/wp-content\/uploads\/2022\/06\/Filipa_Ribeiro-da-Silva-300x300.jpg\" alt=\"Filipa_Ribeiro-da-Silva\" width=\"300\" height=\"300\" srcset=\"https:\/\/www.citcem.org\/xencontro\/wp-content\/uploads\/2022\/06\/Filipa_Ribeiro-da-Silva-300x300.jpg 300w, https:\/\/www.citcem.org\/xencontro\/wp-content\/uploads\/2022\/06\/Filipa_Ribeiro-da-Silva-150x150.jpg 150w, https:\/\/www.citcem.org\/xencontro\/wp-content\/uploads\/2022\/06\/Filipa_Ribeiro-da-Silva-400x400.jpg 400w, https:\/\/www.citcem.org\/xencontro\/wp-content\/uploads\/2022\/06\/Filipa_Ribeiro-da-Silva.jpg 500w\" sizes=\"(max-width: 300px) 100vw, 300px\" \/><\/p>\n<\/div><\/div>\r\n<div class=\"four-fifth columns\"><div class=\"gdlr-item gdlr-column-shortcode\"><p>Filipa Ribeiro da Silva e\u0301 Investigadora Principal no Instituto Internacional de Histo\u0301ria Social (IISH\/IISG) da Academia Real das Cie\u0302ncias da Holanda (KNAW). A sua pesquisa incide principalmente na Histo\u0301ria Econo\u0301mica e Social dos peri\u0301odos moderno e contempora\u0302neo, em particular na histo\u0301ria da populac\u0327a\u0303o, migrac\u0327a\u0303o e come\u0301rcio na A\u0301frica sub-Sahriana durante os peri\u0301odos precolonial e colonial. O seu mais recente livro, em co-autoria com Toby Green and Philip J. Havik, chama-se African Voices from the Inquisition (vol 1): The Trial of Crispina Peres of Cacheu, Guinea-Bissau (1646-1668) (British Academy OUP, 2021).<\/p>\n<\/div><\/div>\r\n<div class=\"clear\"><\/div><\/div>\n<div class=\"gdlr-shortcode-wrapper\"><div class=\"clear\"><\/div><div class=\"gdlr-item gdlr-divider-item\"  ><div class=\"gdlr-divider solid\"  style=\"width: 100%;\" ><\/div><\/div><\/div>\n<h2>Johanna Markkula<\/h2>\n<h6>Departamento de Sociologia e Antropologia Social, Central European University (CEU), Viena, \u00c1ustria<\/h6>\n<div class=\"gdlr-shortcode-wrapper gdlr-row-shortcode\">\r\n<div class=\"one-fifth column\"><div class=\"gdlr-item gdlr-column-shortcode\"><p><img loading=\"lazy\" class=\"alignnone wp-image-5652 size-medium\" src=\"https:\/\/www.citcem.org\/xencontro\/wp-content\/uploads\/2022\/07\/Johanna_Markkula-300x300.jpg\" alt=\"Johanna Markkula\" width=\"300\" height=\"300\" srcset=\"https:\/\/www.citcem.org\/xencontro\/wp-content\/uploads\/2022\/07\/Johanna_Markkula-300x300.jpg 300w, https:\/\/www.citcem.org\/xencontro\/wp-content\/uploads\/2022\/07\/Johanna_Markkula-150x150.jpg 150w, https:\/\/www.citcem.org\/xencontro\/wp-content\/uploads\/2022\/07\/Johanna_Markkula-400x400.jpg 400w, https:\/\/www.citcem.org\/xencontro\/wp-content\/uploads\/2022\/07\/Johanna_Markkula.jpg 500w\" sizes=\"(max-width: 300px) 100vw, 300px\" \/><\/p>\n<\/div><\/div>\r\n<div class=\"four-fifth columns\"><div class=\"gdlr-item gdlr-column-shortcode\"><p>Johanna Markkula \u00e9 Professora Auxiliar no Departamento de Sociologia e Antropologia Social da Central European University (CEU) em Viena, \u00c1ustria. Johanna realiza pesquisas antropol\u00f3gicas sobre o trabalho m\u00f3vel global no contexto da ind\u00fastria mar\u00edtima e do mar como espa\u00e7o social, pol\u00edtico e jur\u00eddico que est\u00e1 na base do capitalismo global. O seu trabalho explora criticamente a transforma\u00e7\u00e3o do trabalho, tecnologia e infraestrutura no transporte mar\u00edtimo, nomeadamente atrav\u00e9s de uma investiga\u00e7\u00e3o etnogr\u00e1fica aprofundada, incluindo o trabalho a bordo de diversos navios de carga e em diversas organiza\u00e7\u00f5es de governa\u00e7\u00e3o mar\u00edtima, nomeadamente na Europa e nas Filipinas. Sua pesquisa contribui para debates sobre a economia pol\u00edtica da circula\u00e7\u00e3o oce\u00e2nica de capital e trabalho, rela\u00e7\u00f5es p\u00f3s-coloniais, (des)comunica\u00e7\u00e3o intercultural e estudos de mobilidade. Atualmente, Johanna est\u00e1 a escrever uma monografia, com o t\u00edtulo Moving Worlds: Maritime Work and Life on the Social Ocean.<\/p>\n<\/div><\/div>\r\n<div class=\"clear\"><\/div><\/div>\n<div class=\"gdlr-shortcode-wrapper\"><div class=\"clear\"><\/div><div class=\"gdlr-item gdlr-divider-item\"  ><div class=\"gdlr-divider solid\"  style=\"width: 100%;\" ><\/div><\/div><\/div>\n<h2>Kevin St. Martin<\/h2>\n<h6>Departamento de Geografia, Rutgers University, New Jersey, USA<\/h6>\n<div class=\"gdlr-shortcode-wrapper gdlr-row-shortcode\">\r\n<div class=\"one-fifth column\"><div class=\"gdlr-item gdlr-column-shortcode\"><p><img loading=\"lazy\" class=\"alignnone wp-image-5625 size-medium\" src=\"https:\/\/www.citcem.org\/xencontro\/wp-content\/uploads\/2022\/06\/St-Martin_Kevin-300x300.jpg\" alt=\"St-Martin_Kevin\" width=\"300\" height=\"300\" srcset=\"https:\/\/www.citcem.org\/xencontro\/wp-content\/uploads\/2022\/06\/St-Martin_Kevin-300x300.jpg 300w, https:\/\/www.citcem.org\/xencontro\/wp-content\/uploads\/2022\/06\/St-Martin_Kevin-150x150.jpg 150w, https:\/\/www.citcem.org\/xencontro\/wp-content\/uploads\/2022\/06\/St-Martin_Kevin-400x400.jpg 400w, https:\/\/www.citcem.org\/xencontro\/wp-content\/uploads\/2022\/06\/St-Martin_Kevin.jpg 500w\" sizes=\"(max-width: 300px) 100vw, 300px\" \/><\/p>\n<\/div><\/div>\r\n<div class=\"four-fifth columns\"><div class=\"gdlr-item gdlr-column-shortcode\"><p>Kevin St. Martin e\u0301 professor de Geografia na Rutgers University. Ele e\u0301 um geo\u0301grafo (geografia humana) cujo trabalho se enquadra na intersec\u0327a\u0303o da geografia econo\u0301mica, ecologia poli\u0301tica e cartografia cri\u0301tica. Seu trabalho inclui ana\u0301lises cri\u0301ticas do discurso econo\u0301mico e de gesta\u0303o de recursos, bem como de projetos participativos que trabalham para repensar e promover o bem-estar econo\u0301mico e ambiental. Os projetos do Doutor St. Martin te\u0302m em comum a regulac\u0327a\u0303o e transformac\u0327a\u0303o do meio marinho. Utilizando, em particular, o caso paradigma\u0301tico da pesca no nordeste dos EUA para entender melhor o poder do discurso, dados e dispositivos para moldar os resultados econo\u0301micos e ambientais. Seu trabalho e\u0301 publicado nos principais jornais de geografia e poli\u0301tica marinha e ele editou, recentemente, um volume intitulado Making Other Worlds Possible: Performing Diverse Economies. Dr. St. Martin e\u0301 editor da se\u0301rie de livros Diverse Economies and Liveable Worlds, e\u0301 editor associado da revista Maritime Studies e atua no conselho consultivo do Floating Laboratory of Action and Theory at Sea (FLOATS).<\/p>\n<\/div><\/div>\r\n<div class=\"clear\"><\/div><\/div>\n","protected":false},"excerpt":{"rendered":"<p>Andr\u00e9 Tavares Faculdade de Arquitetura, Universidade do Porto, Porto, Portugal Filipa Ribeiro da Silva Instituto Internacional de Hist\u00f3ria Social (IISH\/IISG) da Academia Real das Ci\u00eancias da Holanda (KNAW), Haia, Pa\u00edses Baixos Johanna Markkula Departamento de Sociologia e Antropologia Social, Central European University (CEU), Viena, \u00c1ustria Kevin St. Martin Departamento de Geografia, Rutgers University, New Jersey,&#8230; <\/p>\n<div class=\"clear\"><\/div>\n<p><a href=\"https:\/\/www.citcem.org\/xencontro\/oradores\/\" class=\"gdlr-info-font excerpt-read-more\">Read More<\/a><\/p>\n","protected":false},"author":1,"featured_media":0,"parent":0,"menu_order":0,"comment_status":"closed","ping_status":"closed","template":"","meta":[],"_links":{"self":[{"href":"https:\/\/www.citcem.org\/xencontro\/wp-json\/wp\/v2\/pages\/4263"}],"collection":[{"href":"https:\/\/www.citcem.org\/xencontro\/wp-json\/wp\/v2\/pages"}],"about":[{"href":"https:\/\/www.citcem.org\/xencontro\/wp-json\/wp\/v2\/types\/page"}],"author":[{"embeddable":true,"href":"https:\/\/www.citcem.org\/xencontro\/wp-json\/wp\/v2\/users\/1"}],"replies":[{"embeddable":true,"href":"https:\/\/www.citcem.org\/xencontro\/wp-json\/wp\/v2\/comments?post=4263"}],"version-history":[{"count":10,"href":"https:\/\/www.citcem.org\/xencontro\/wp-json\/wp\/v2\/pages\/4263\/revisions"}],"predecessor-version":[{"id":5656,"href":"https:\/\/www.citcem.org\/xencontro\/wp-json\/wp\/v2\/pages\/4263\/revisions\/5656"}],"wp:attachment":[{"href":"https:\/\/www.citcem.org\/xencontro\/wp-json\/wp\/v2\/media?parent=4263"}],"curies":[{"name":"wp","href":"https:\/\/api.w.org\/{rel}","templated":true}]}}

<h2>André Tavares</h2>
<h6>Faculdade de Arquitetura, Universidade do Porto, Porto, Portugal</h6>
<div class="gdlr-shortcode-wrapper gdlr-row-shortcode">
<div class="one-fifth column"><div class="gdlr-item gdlr-column-shortcode"><p><img loading="lazy" class="alignnone wp-image-5622 size-medium" src="https://www.citcem.org/xencontro/wp-content/uploads/2022/06/Andre-Tavares_-300x300.jpg" alt="Andre-Tavares" width="300" height="300" srcset="https://www.citcem.org/xencontro/wp-content/uploads/2022/06/Andre-Tavares_-300x300.jpg 300w, https://www.citcem.org/xencontro/wp-content/uploads/2022/06/Andre-Tavares_-150x150.jpg 150w, https://www.citcem.org/xencontro/wp-content/uploads/2022/06/Andre-Tavares_-400x400.jpg 400w, https://www.citcem.org/xencontro/wp-content/uploads/2022/06/Andre-Tavares_.jpg 500w" sizes="(max-width: 300px) 100vw, 300px" /></p>
</div></div>
<div class="four-fifth columns"><div class="gdlr-item gdlr-column-shortcode"><p>André Tavares (Porto, 1976) é arquitecto e doutorado pela Faculdade de Arquitectura da Universidade do Porto. Desde 2006 e coordenador da Dafne Editora, uma editora independente no Porto. Com Diogo Seixas Lopes foi director do Jornal Arquitectos entre 2013 e 2015 e curador-geral da Trienal de Arquitectura de Lisboa 2016, The Form of Form. Entre as suas obras publicadas destaca-se o livro The Anatomy of the Architecutral Book (Lars Müller/Canadian Centre for Architecture, 2016), que explora as relações cruzadas entre as culturas do livro e da construção. Foi investigador associado no Institute for the History and Theory of Architecture da ETH de Zurique, onde escreveu o seu último livro Vitruvius Without Text (gta Verlag, 2022). Actualmente, é investigador na Faculdade de Arquitectura da Universidade do Porto, professor convidado na EAVT Marne-la-Vallée Université Paris-Est, em Paris, e programador das exposições de arquitectura na Garagem Sul do Centro Cultural de Belém, em Lisboa.</p>
</div></div>
<div class="clear"></div></div>
<div class="gdlr-shortcode-wrapper"><div class="clear"></div><div class="gdlr-item gdlr-divider-item"  ><div class="gdlr-divider solid"  style="width: 100%;" ></div></div></div>
<h2>Filipa Ribeiro da Silva</h2>
<h6>Instituto Internacional de História Social (IISH/IISG) da Academia Real das Ciências da Holanda (KNAW), Haia, Países Baixos</h6>
<div class="gdlr-shortcode-wrapper gdlr-row-shortcode">
<div class="one-fifth column"><div class="gdlr-item gdlr-column-shortcode"><p><img loading="lazy" class="alignnone wp-image-5624 size-medium" src="https://www.citcem.org/xencontro/wp-content/uploads/2022/06/Filipa_Ribeiro-da-Silva-300x300.jpg" alt="Filipa_Ribeiro-da-Silva" width="300" height="300" srcset="https://www.citcem.org/xencontro/wp-content/uploads/2022/06/Filipa_Ribeiro-da-Silva-300x300.jpg 300w, https://www.citcem.org/xencontro/wp-content/uploads/2022/06/Filipa_Ribeiro-da-Silva-150x150.jpg 150w, https://www.citcem.org/xencontro/wp-content/uploads/2022/06/Filipa_Ribeiro-da-Silva-400x400.jpg 400w, https://www.citcem.org/xencontro/wp-content/uploads/2022/06/Filipa_Ribeiro-da-Silva.jpg 500w" sizes="(max-width: 300px) 100vw, 300px" /></p>
</div></div>
<div class="four-fifth columns"><div class="gdlr-item gdlr-column-shortcode"><p>Filipa Ribeiro da Silva é Investigadora Principal no Instituto Internacional de História Social (IISH/IISG) da Academia Real das Ciências da Holanda (KNAW). A sua pesquisa incide principalmente na História Económica e Social dos períodos moderno e contemporâneo, em particular na história da população, migração e comércio na África sub-Sahriana durante os períodos precolonial e colonial. O seu mais recente livro, em co-autoria com Toby Green and Philip J. Havik, chama-se African Voices from the Inquisition (vol 1): The Trial of Crispina Peres of Cacheu, Guinea-Bissau (1646-1668) (British Academy OUP, 2021).</p>
</div></div>
<div class="clear"></div></div>
<div class="gdlr-shortcode-wrapper"><div class="clear"></div><div class="gdlr-item gdlr-divider-item"  ><div class="gdlr-divider solid"  style="width: 100%;" ></div></div></div>
<h2>Johanna Markkula</h2>
<h6>Departamento de Sociologia e Antropologia Social, Central European University (CEU), Viena, Áustria</h6>
<div class="gdlr-shortcode-wrapper gdlr-row-shortcode">
<div class="one-fifth column"><div class="gdlr-item gdlr-column-shortcode"><p><img loading="lazy" class="alignnone wp-image-5652 size-medium" src="https://www.citcem.org/xencontro/wp-content/uploads/2022/07/Johanna_Markkula-300x300.jpg" alt="Johanna Markkula" width="300" height="300" srcset="https://www.citcem.org/xencontro/wp-content/uploads/2022/07/Johanna_Markkula-300x300.jpg 300w, https://www.citcem.org/xencontro/wp-content/uploads/2022/07/Johanna_Markkula-150x150.jpg 150w, https://www.citcem.org/xencontro/wp-content/uploads/2022/07/Johanna_Markkula-400x400.jpg 400w, https://www.citcem.org/xencontro/wp-content/uploads/2022/07/Johanna_Markkula.jpg 500w" sizes="(max-width: 300px) 100vw, 300px" /></p>
</div></div>
<div class="four-fifth columns"><div class="gdlr-item gdlr-column-shortcode"><p>Johanna Markkula é Professora Auxiliar no Departamento de Sociologia e Antropologia Social da Central European University (CEU) em Viena, Áustria. Johanna realiza pesquisas antropológicas sobre o trabalho móvel global no contexto da indústria marítima e do mar como espaço social, político e jurídico que está na base do capitalismo global. O seu trabalho explora criticamente a transformação do trabalho, tecnologia e infraestrutura no transporte marítimo, nomeadamente através de uma investigação etnográfica aprofundada, incluindo o trabalho a bordo de diversos navios de carga e em diversas organizações de governação marítima, nomeadamente na Europa e nas Filipinas. Sua pesquisa contribui para debates sobre a economia política da circulação oceânica de capital e trabalho, relações pós-coloniais, (des)comunicação intercultural e estudos de mobilidade. Atualmente, Johanna está a escrever uma monografia, com o título Moving Worlds: Maritime Work and Life on the Social Ocean.</p>
</div></div>
<div class="clear"></div></div>
<div class="gdlr-shortcode-wrapper"><div class="clear"></div><div class="gdlr-item gdlr-divider-item"  ><div class="gdlr-divider solid"  style="width: 100%;" ></div></div></div>
<h2>Kevin St. Martin</h2>
<h6>Departamento de Geografia, Rutgers University, New Jersey, USA</h6>
<div class="gdlr-shortcode-wrapper gdlr-row-shortcode">
<div class="one-fifth column"><div class="gdlr-item gdlr-column-shortcode"><p><img loading="lazy" class="alignnone wp-image-5625 size-medium" src="https://www.citcem.org/xencontro/wp-content/uploads/2022/06/St-Martin_Kevin-300x300.jpg" alt="St-Martin_Kevin" width="300" height="300" srcset="https://www.citcem.org/xencontro/wp-content/uploads/2022/06/St-Martin_Kevin-300x300.jpg 300w, https://www.citcem.org/xencontro/wp-content/uploads/2022/06/St-Martin_Kevin-150x150.jpg 150w, https://www.citcem.org/xencontro/wp-content/uploads/2022/06/St-Martin_Kevin-400x400.jpg 400w, https://www.citcem.org/xencontro/wp-content/uploads/2022/06/St-Martin_Kevin.jpg 500w" sizes="(max-width: 300px) 100vw, 300px" /></p>
</div></div>
<div class="four-fifth columns"><div class="gdlr-item gdlr-column-shortcode"><p>Kevin St. Martin é professor de Geografia na Rutgers University. Ele é um geógrafo (geografia humana) cujo trabalho se enquadra na interseção da geografia económica, ecologia política e cartografia crítica. Seu trabalho inclui análises críticas do discurso económico e de gestão de recursos, bem como de projetos participativos que trabalham para repensar e promover o bem-estar económico e ambiental. Os projetos do Doutor St. Martin têm em comum a regulação e transformação do meio marinho. Utilizando, em particular, o caso paradigmático da pesca no nordeste dos EUA para entender melhor o poder do discurso, dados e dispositivos para moldar os resultados económicos e ambientais. Seu trabalho é publicado nos principais jornais de geografia e política marinha e ele editou, recentemente, um volume intitulado Making Other Worlds Possible: Performing Diverse Economies. Dr. St. Martin é editor da série de livros Diverse Economies and Liveable Worlds, é editor associado da revista Maritime Studies e atua no conselho consultivo do Floating Laboratory of Action and Theory at Sea (FLOATS).</p>
</div></div>
<div class="clear"></div></div>

<p>André Tavares Faculdade de Arquitetura, Universidade do Porto, Porto, Portugal Filipa Ribeiro da Silva Instituto Internacional de História Social (IISH/IISG) da Academia Real das Ciências da Holanda (KNAW), Haia, Países Baixos Johanna Markkula Departamento de Sociologia e Antropologia Social, Central European University (CEU), Viena, Áustria Kevin St. Martin Departamento de Geografia, Rutgers University, New Jersey,&#8230; </p>
<div class="clear"></div>
<p><a href="https://www.citcem.org/xencontro/oradores/" class="gdlr-info-font excerpt-read-more">Read More</a></p>
